f. Suppose 3*c - 144 = -f*c. Suppose -3*m = -c - 6. List the prime factors of m.
2, 3
Let m = -5890 + 9261. List the prime factors of m.
3371
Let c = 824 - 262. What are the prime factors of c?
2, 281
Suppose -2*m - 3*m + 135 = 0. Suppose v - m = 2*v - 2*s, -2*v = -s + 45. Let n = -13 - v. What are the prime factors of n?
2
Let v be 2/((-8)/(-1476)) - 3. Suppose 4*f = v - 34. What are the prime factors of f?
83
Let h be (1/(-2))/(1/(-2)). Let a(z) = -3*z - 1. Let n be a(6). What are the prime factors of n/((-3 + 2)*h)?
19
Let h be ((-54)/(-441)*7)/(1/7). Let c(r) = -2*r**2 - 13*r + 4. Let u(v) = v**2 + 12*v - 4. Let t(k) = -3*c(k) - 4*u(k). List the prime factors of t(h).
2, 11
Let i(a) = 49*a + 32. List the prime factors of i(19).
3, 107
Let u(d) = 5*d + 7. Let j(s) = 11*s + 13. Let x(y) = -4*j(y) + 7*u(y). Let p(h) = -3*h + 3. Let r be p(2). What are the prime factors of x(r)?
2, 3
Let r(o) = o + 1. Let a(m) = -15*m - 3. Let s be 1/(-2) - 3/6. Let f(z) = s*a(z) + 2*r(z). List the prime factors of f(3).
2, 7
Suppose 5*t - 2 = 2*j, -18 = -2*t - 2*j - 6. Suppose -t*r + 7*r = 115. List the prime factors of r.
23
Suppose -20*q + 3610 = -4890. What are the prime factors of q?
5, 17
What are the prime factors of (233/3*1)/(71/852)?
2, 233
Suppose -13 + 5 = -4*x. Suppose k - i = 2*k + 56, -x*i = 5*k + 277. Let l = k + 93. List the prime factors of l.
2, 19
Suppose 174*w + 2049 = 177*w. List the prime factors of w.
683
Let t be (-2)/((-4)/5) - 1/(-2). Suppose 0 = -t*o - 14 + 269. What are the prime factors of o?
5, 17
Suppose 4240 + 1106 = 11*b. List the prime factors of b.
2, 3
Let o be -2 - (-1968)/(-21) - 4/14. Let f = o + 250. What are the prime factors of f?
2, 7, 11
Let l(b) = b**3 - b**2 + b + 99. Let w be l(0). Suppose -4*y + w = 11. Let q = y - 11. What are the prime factors of q?
11
Let c be 5 + (-48)/((-4)/2). Let b = 16 - 9. Let i = b + c. What are the prime factors of i?
2, 3
Suppose -3*f + 12*x = 10*x - 3598, -5*x = -20. What are the prime factors of f?
2, 601
Suppose -8*z - 3248 + 17312 = 0. List the prime factors of z.
2, 3, 293
Let k be (-38)/(-10) + -4 + 105/25. Suppose z = k*z - 132. What are the prime factors of z?
2, 11
Let j(i) be the third derivative of -i**5/20 - i**4/12 - i**3/3 + i**2. Let x(p) be the first derivative of j(p). List the prime factors of x(-4).
2, 11
Let h(n) be the first derivative of -25*n**2/2 - 7. Let w be h(-3). Suppose y = v + 4*v + 42, -3*y - 2*v = -w. What are the prime factors of y?
3
Let g(q) = 7*q - 7*q - 6 + 4*q - 2*q. List the prime factors of g(8).
2, 5
Let p(h) = 17*h - 3. Suppose k + 8 = 3*i, 7 = -5*k - 3. What are the prime factors of p(i)?
31
Suppose 173 + 205 = 7*j. What are the prime factors of j?
2, 3
Let o = -65 + 637. List the prime factors of o.
2, 11, 13
Suppose -53*f = -19914 - 36372. What are the prime factors of f?
2, 3, 59
Let u(p) = -5*p + 6. Let m(o) = 5*o - 8. Let g(j) = 4*m(j) + 5*u(j). List the prime factors of g(-12).
2, 29
Let b(g) = 7*g**2 - 16*g + 154. List the prime factors of b(15).
1489
Let v be (1 + 0)/(4/1304). Suppose v = 6*f + 2. List the prime factors of f.
2, 3
Let z(l) = 10 + 19*l - 7 + 6*l + l. Let h be z(-3). List the prime factors of 54/10 - 45/h.
2, 3
Suppose 0 = 260*f - 248*f - 17868. List the prime factors of f.
1489
Let a(q) = -52*q + 78. What are the prime factors of a(-10)?
2, 13, 23
Suppose 4*m + 13174 = 5*q, -5*m + 4 = -4*m. List the prime factors of q.
2, 1319
Let c = -29 - 175. Let q = 345 + c. List the prime factors of q.
3, 47
Let m be (-4)/6 + 34/6. Suppose 120 = m*a + 40. What are the prime factors of a?
2
Let s be (340/30)/(-2) + 1/(-3). Let c(u) = -28*u + 3. List the prime factors of c(s).
3, 19
Suppose 4*z + 21 + 7 = 0. Suppose -84 = 12*i - 14*i. List the prime factors of 82/12 - z/i.
7
Let v(j) be the third derivative of 3*j**5/10 - j**4/24 - 2*j**2. What are the prime factors of v(-1)?
19
Let o(s) = 4*s**3 - 20*s**2 + 14*s - 8. List the prime factors of o(8).
2, 109
Suppose 0 = -17*a - 8370 + 32544. List the prime factors of a.
2, 3, 79
Let i be 10/(20/(-4)) + 141. Suppose -v + 44 = -3*s, -2*v - 2*s + i = 19. What are the prime factors of v?
2, 7
Let d(u) = u**2 + u + 2. Let x be d(0). Suppose -x*p + 1 = -7. Suppose 0 = 3*r + 3*m - 27, 5*m = 2*r - 0*r - p. List the prime factors of r.
7
Let m(h) = h**3 - 6*h**2 - h + 8. Let u be m(6). Let z(v) = v**3 + v - 2 + 6*v + 2 + 7*v**u + 6. What are the prime factors of z(-5)?
3, 7
Let o(y) = -2*y**3 + 7*y**2 - y - 3. Let d be o(3). Suppose -d*p - 12 = 18. Let v = 41 + p. List the prime factors of v.
31
Suppose -5*t - 2585 = -5*s, -3*t = s + t - 537. What are the prime factors of s?
521
Let i(u) = -u**3 + 8*u**2 + 8*u. Let m be i(9). Let t be (-3)/m*(-45)/3. Let s = t - -26. List the prime factors of s.
3, 7
Let l be (4 + -7)*(-2)/3 - -20. Suppose -6*a = -8 - l. List the prime factors of a.
5
Suppose -5*s = -3*s + 8, -s + 824 = w. List the prime factors of w.
2, 3, 23
Suppose h - 3147 = -4*h - 3*s, 5*s = 4*h - 2525. What are the prime factors of h?
2, 3, 5, 7
Let l(t) = 4*t**2 + 2*t + 220. Let u be l(0). What are the prime factors of ((-90)/8)/((-11)/u)?
3, 5
Suppose 2*t + 8 = -0*t - 3*l, 0 = l. Let q be (-2 - 0)/(t/430). Suppose 2*o - 5*o - 4*j = -q, 0 = 3*o + 5*j - 220. What are the prime factors of o?
5, 13
Let q = -133 + 501. Suppose -2*u + q = 3*w, -3*u - w + 566 = -0*w. Suppose 0 = -5*k + 4*v + u, -96 - 18 = -3*k - 3*v. What are the prime factors of k?
2, 19
Let t(y) = y**3 - y**2 + 2*y - 4. Let j be t(3). Let x = 5 - j. List the prime factors of 4*(-3)/6 - x.
13
Let d = 13 + -11. Suppose -d*x = -6*x + 80. Suppose 0*c + 3*t + 47 = 2*c, 4*t - x = 0. What are the prime factors of c?
31
Let g be (3/2)/(1/60). Let p = g - 52. Suppose -3*j = -3*q - 54, -4*j + 3*q = -2*j - p. List the prime factors of j.
2
Suppose 34*t - 39702 = 3376. List the prime factors of t.
7, 181
Let p be (35/14)/(3/18). Let y = 22 - p. Suppose 2*a - 82 = -2*n, y*n - 4*a - 160 = 2*n. What are the prime factors of n?
2, 3
Suppose -5*h = -28 - 32. What are the prime factors of (-2)/(-12) + 682/h?
3, 19
Let u(v) = -169*v + 2. Let i(o) = 23997*o - 285. Let x(j) = 2*i(j) + 285*u(j). What are the prime factors of x(-1)?
3, 19
Let g = 9 + -6. Suppose 386 = 5*s + 4*j, g*s = -j - j + 232. What are the prime factors of s?
2, 3, 13
Let s(u) be the second derivative of -u**4/12 + 7*u**3/6 - 4*u**2 - 2*u. Let l(i) be the first derivative of s(i). What are the prime factors of l(-8)?
23
Let u be (3 + -2)*(5 - 6). List the prime factors of (-17 - u)*1*5*-3.
2, 3, 5
Let w(k) = 96*k**3 - k**2 + k. Let u be w(1). Suppose -u = -6*z + 2*z. Suppose z = 3*n - 2*n. What are the prime factors of n?
2, 3
Let j(g) = g**2 - 12*g - 3. Let u be j(7). Let x = u + 131. List the prime factors of x.
3, 31
Let w = -1511 - -2459. Suppose -36 = -4*f + w. Suppose -5*u + f = u. List the prime factors of u.
41
Suppose 4*w - 108 = 3*m, -2*w - m - 26 = -3*w. List the prime factors of (324/w)/(1/5).
2, 3
Suppose 927*n = 928*n - 75. What are the prime factors of n?
3, 5
Let q = 39 + -37. Suppose 4*x + x = -2*z + 6, 0 = q*x + 8. List the prime factors of z.
13
Suppose 3*b + 5*w - 1423 = 0, 5*b = w + 728 + 1597. What are the prime factors of b?
2, 233
List the prime factors of (5 + -6574 - -9)/(-2).
2, 5, 41
Suppose 0 = -6*z - 0*z + 3186. What are the prime factors of z?
3, 59
Let o(u) = -2*u**3 - 86*u**2 - 82*u + 48. Let z be o(-42). Let a = 70 - 2. Let f = a + z. List the prime factors of f.
2
Suppose n = -2*n - 2*a + 35, n = 2*a + 25. Suppose 3*t = b - 30, 4 = b + 2*t - 1. List the prime factors of b*-1*(-18)/n.
2, 3
Suppose -5 = -x - 3. Suppose 0*o - 32 = x*o. List the prime factors of (3 + o)*-1*5.
5, 13
Let f(x) = -29*x - 66. Let g be f(-9). Let l = g - 120. List the prime factors of l.
3, 5
Suppose 0*f + 5*f = -65. Let u = f - -7. Let m(k) = 2*k**2 + 8*k - 5. List the prime factors of m(u).
19
Let a be (3/12)/(4/16). Let s be a - (1 - (-2 - -37)). Let v = 59 - s. What are the prime factors of v?
2, 3
Suppose 3*w - 1780 = -2*x, w - 555 = -4*x + 55. Suppose -21*g - w = -26*g. What are the prime factors of (3 + -1)/(4/g)?
59
Let m(y) = -4*y - 4. Let g be m(-6). Let h(o) = o**3 - 19*o**2 - 19*o + 10. What are the prime factors of h(g)?
2, 3, 5
What are the prime 